rue
Let i = -218 + 390. Let z = 225 + -122. Let b = i - z. Is b a composite number?
True
Suppose 157*x + 35596 = 161*x. Is x composite?
True
Let h be (-28)/(-8)*(-8)/(-14). Suppose -3*r - h = -14. Is (-2852)/(-20) - r/(-10) a prime number?
False
Let n = 27 + -24. Let y(j) = 10*j**3 - j**2 - 3*j + 7. Is y(n) prime?
False
Let f = 168826 + -83679. Is f composite?
False
Suppose -4 = 2*t, 48 - 5 = p - 2*t. Let b = p + 40. Is b a composite number?
False
Let t = 46 - 9. Let d = t - -682. Is d a composite number?
False
Let j = -55 + 55. Suppose -2*n - a + 1318 = 0, j = 3*n + a - 1906 - 71. Is n a prime number?
True
Let t = 100 - -1233. Is t prime?
False
Let t(i) = -75*i + 52. Is t(-18) a prime number?
False
Suppose -3*n + 4*o = 64, 2*n - 4*o + 25 = -19. Let l(p) = -31*p + 21. Is l(n) a prime number?
True
Let u = -19 + 8. Let f = 7 + u. Is (-13)/52 + (-857)/f a composite number?
True
Let u(w) = -147*w + 55. Is u(-6) composite?
False
Let z be (-112)/(-40) + 2/10. Suppose z*m + 8416 = 5*m. Is 1 + (-1)/((-2)/m) a composite number?
True
Let y = 47 + -48. Suppose x - 1 - 1 = 0. Is 137 - (0 + y)*x a prime number?
True
Is (5/(-3))/((-64)/163776) prime?
False
Suppose d = 5*t + 144, -3*d + 5*t = -8 - 414. Is d composite?
False
Let q be ((-1 + 2)/1)/(2/11192). Suppose -27*j = -23*j - q. Is j a prime number?
True
Let q(b) = -5482*b**3 - 4*b**2 - 16*b - 19. Is q(-2) prime?
True
Let h(d) = -7*d**3 - 45*d**2 + 31*d - 93. Let p(f) = 10*f**3 + 67*f**2 - 47*f + 140. Let w(l) = -7*h(l) - 5*p(l). Is w(-21) composite?
True
Let g = -1030 + 1503. Is g/22*26/1 a composite number?
True
Let q = 24 + -14. Suppose -2*m - 5128 = -q*m. Is m a composite number?
False
Is ((-557)/(-2))/((-2)/(-148)) a composite number?
True
Suppose -c + 4*d + 21 = 0, -d = 2*c - 4*c + 14. Let r(y) = -y**2 + 5*y + 3. Let b be r(c). Suppose 4*u = -12, -265 = -3*q - b*u + 89. Is q a composite number?
True
Suppose 2*g = -3*o - 3*g + 893, -4*g - 610 = -2*o. Is o prime?
False
Suppose 0 = -3*b - 4*s + 767, 0*b - 2*s = -b + 249. Let t = 6 + -3. Suppose x - 114 = t*a, -b = -3*x - a + 119. Is x composite?
True
Let y be (4 - 1) + 14/(-14). Let n be -1*6 + y + 231. Let p = n + 140. Is p composite?
False
Suppose -3*b - 40 = -11*b. Suppose b*k + 544 = 2*u, -2*k - 1 = -5. Suppose f + 57 = y, 0*y - 3*f - u = -5*y. Is y a composite number?
False
Let y(n) = 4*n**3 - 30*n**2 + 22*n + 89. Is y(23) prime?
False
Suppose 0 = -8*x + 43*x - 528535. Is x a composite number?
False
Suppose 0*y + 105 = 5*y. Suppose -5*v = -y + 1. Suppose -288 - 476 = -v*s. Is s a composite number?
False
Let a = -337 - -1014. Is a a composite number?
False
Suppose 3*f - 4 = -f. Is (3/(36/20))/(f/123) a composite number?
True
Let u(n) = -7 + 3*n**3 + n - n**3 - 7*n**2 + n**3 - 2*n**3. Let g be u(7). Suppose 5*k + 605 - 1560 = g. Is k a composite number?
False
Suppose 0 = 4*g - 4, -8*n + 4*n - 4*g = 0. Let i(s) = -436*s + 1. Is i(n) composite?
True
Suppose -15*t + 13*t + 11234 = 0. Is t a composite number?
True
Let i(f) = 2*f + 7. Let u be i(-6). Is u/15 - (-4208)/6 prime?
True
Suppose -3279*f + 136738 = -3265*f. Is f prime?
True
Let w be 7*((-60)/14)/(-5). Suppose 2*r - w = r. Is 154 + -2 + r/(-2) composite?
False
Suppose -17*n = -n - 25936. Is n composite?
False
Suppose 2*u - 5716 = -1200. Is (4 + u/(-6))*-3 a composite number?
False
Let j(w) = 1879*w + 193. Is j(46) composite?
False
Let u = 14 + -6. Let p(k) = 3*k**2 + 13*k - 1. Is p(u) prime?
False
Let v be ((-22)/33)/(1/(-18)). Suppose v = -7*b - 16. Is (b + 156/8)*2 a prime number?
True
Suppose 772 = 7*n - 2147. Is n composite?
True
Suppose 2*o - 122 = -22. Let l = 177 - o. Is l prime?
True
Let s(z) = -z**2 - 4*z + 1. Let i be (-6)/15 - (-13)/(-5). Let m be s(i). Suppose -a - m*a = -265. Is a composite?
False
Suppose 5*j - 18480 = -7245. Suppose -6*r + 2*r - 1343 = -3*h, 5*h + 2*r - j = 0. Is h prime?
True
Let o(t) = -19*t**3 + t**2 + 3*t - 4. Let d be o(-5). Let k = d - 660. Is k prime?
True
Let m(n) = -n**3 + 5*n**2 - 5. Let i be m(5). Let j be (-6)/15 + (-37)/i. Suppose j*f - 322 = 5*f. Is f composite?
True
Is ((-1761723)/(-15))/3 + 56/(-140) a composite number?
True
Is 5/((-90)/(-4038))*3 composite?
False
Let r(b) be the third derivative of 13*b**4/24 + b**3/6 - 8*b**2. Is r(6) prime?
True
Suppose 0 = -n - 4*u + 188731, -3*u - 170755 - 584188 = -4*n. Is n prime?
False
Let u(s) = 4*s**3 + s**2. Let l be u(1). Suppose -a + 3*a + l*f = 4369, 0 = 2*a + 2*f - 4360. Is a prime?
False
Suppose -2*r + 3*r = -6. Let k be (18/r)/((-6)/4). Suppose k*j + 0*j = 154. Is j composite?
True
Let h be ((-2)/6)/((-1)/(-27)). Is (-6)/h - 2973/(-9) composite?
False
Suppose 20 - 19 = -y. Let j be y + 2/1 + 2. Suppose -2*x - f = -1602, -j*x = 2*x - 3*f - 3983. Is x prime?
False
Let y = -3 - -7. Let d be -2 + y + 3 + -5. Is (258 + d)*11/33 a composite number?
True
Let o(k) = 1287*k - 2. Let d be o(3). Suppose -794 = -9*h + d. Is h a prime number?
False
Let p(r) = 14*r**3 + 20*r**2 - 3*r**3 + 2*r + 2 - 18*r**2 - 7*r**3. Let z(y) = -y + 6. Let o be z(3). Is p(o) a composite number?
True
Let r(x) = x**2. Let q(d) = -4*d**2 - 10*d - 2. Let j(z) = q(z) + 3*r(z). Suppose 5*a = -o - 38, 0*o + 4*o - 23 = 5*a. Is j(a) a composite number?
False
Suppose -6*v + 3*k + 8639 = -2*v, 0 = -2*k - 2. Is v a prime number?
False
Let j(g) = -g**2 + 2*g - 1. Let u be j(2). Let l be u/2 + (-52)/(-8). Is (1 + l)/((-1)/(-13)) prime?
False
Suppose 4596 = 2*s - 3*i + 1759, -3*s - 3*i = -4248. Is s a composite number?
True
Let p be 402/(-6*(-3)/60). Suppose -5*i = -i - p. Is i prime?
False
Suppose -o = -4*o + 4299. Suppose -10*b + 1617 = -o. Is b prime?
False
Let x(r) be the third derivative of -r**6/120 + r**5/15 + 5*r**4/24 + r**3/6 + 13*r**2. Is x(-4) prime?
True
Let r = 12 + -4. Suppose 7 = 5*t - r. Suppose -5*y + 988 = t*v, -5*v - 2*y - y + 1652 = 0. Is v a composite number?
False
Is 62454/22 - 5*(-14)/385 composite?
True
Suppose -2*r + f = r - 62859, 5*f = 5*r - 104765. Is r composite?
True
Suppose 24406 = -57*t + 719635. Is t prime?
True
Let d(i) = i**2 - 11*i - 26. Let h(o) = o + 1. Let r(m) = d(m) + 3*h(m). Is r(-10) a composite number?
False
Let c(a) = -a**3 + 4*a**2 + a + 2. Let l be c(4). Suppose 7*d - l*d = 211. Is d a prime number?
True
Let j be (836/(-5))/(44/20 + -2). Let b = j - -1267. Is b a composite number?
False
Suppose 2*v - 66597 = 5*t, 112*v + 33305 = 113*v + 4*t. Is v composite?
False
Let t = 89489 + -41344. Is t a prime number?
False
Let m be 1/3 + 4/6. Suppose 3*w = 6*w - 627. Is (3 + -1)*m + w composite?
False
Let b(y) = 72*y - 5. Is b(3) a composite number?
False
Let z = -1963 - -6499. Suppose -3*b = w - z, 0 = -b + 8*w - 7*w + 1516. Is b composite?
True
Let a(u) = 6*u + 3 - 11*u + 2 + 1. Let d be a(2). Is (-3 - d)*325/5 a prime number?
False
Suppose 10*c - 9*c = 0. Suppose l + 549 - 1666 = c. Is l a prime number?
True
Let b be 88/14 + -6 - 12/(-7). Suppose b*p - 2055 = 1927. Is p a composite number?
True
Let n = 22 + -20. Suppose -n*a - 6 + 520 = 0. Is a prime?
True
Is (132306/(-8))/(12/(-80)) a prime number?
False
Let o(s) = -s**2 - 10*s + 9. Let g be o(-9). Let p be 104/g - 8/(-36). Is p/(-27) - (-443)/9 composite?
True
Let i = 52 + -49. Suppose 85 = 4*o - i*o. Is o a prime number?
False
Is 544/(-80)*3175/(-10) a composite number?
True
Let c = -2711 + 1673. Let f = 1903 + c. Is f prime?
False
Is 4 + (36/342 - 343934/(-38)) a composite number?
True
Is (-1)/(7/(-406427))*1 prime?
True
Let t = -44 - -68. Suppose -16*r - 8488 = -t*r. Is r composite?
False
Suppose -4*t + 10461 = 5*n, 2*n + 3892 = 4*t - 6534. Is t prime?
True
Let b(j) = j**3 - 5*j**2 + 3. Let f be b(5). Suppose 4*z - c + 9384 = 0, 935 + 6103 = -f*z + 2*c. Is (z/(-3))/2 + -2 composite?
False
Let l(o) = -o**3 - 13*o**2 - 11*o + 14. Let c be l(-12). Suppose c*z - 13*z = -22055. Is z a prime number?
False
Let d(j) = 2*j**3 + 23*j**2 + 26*j - 10. Let g(f) = -f**3 - 12*f**2 - 13*f + 5. Let u(y) = 3*d(y) + 5*g(y). Is u(-6) a prime number?
False
Suppose 1478 = 5*h - 3*x - 12363, 0 = h + x - 2765. Is h prime?
True
Is (2 - -2) + -4 - -1793 composite?
True
Let f = -58 + -11. Let a be f/12 + 3/4. Let c(o) = -98*o - 9. Is c(a) a prime number?
False
Let o be (-4)/(-1) + -3 + 2. Suppose -o*j = -2*j - 97. Is j composite?
False
Suppose 1270 = j + 2*y, -j = -2*y -